{"id":891,"date":"2014-11-22T22:29:32","date_gmt":"2014-11-22T22:29:32","guid":{"rendered":"http:\/\/www.kinegua.com\/colaboradores-2\/"},"modified":"2015-04-11T18:02:37","modified_gmt":"2015-04-11T18:02:37","slug":"colaboradores","status":"publish","type":"page","link":"https:\/\/www.kinegua.com\/it\/colaboradores\/","title":{"rendered":"Ringraziamenti"},"content":{"rendered":"<div class=\"texto\">\n<p>Onestamente , questo \u00e9 tra i testi che pi\u00f9 ci piace esporre.<\/p>\n<p>Primo, perch\u00e9 la sua pubblicazione significa che kinegua e l&#8217;avventura nata da qualche anno e che sembraba una follia, oramai \u00e8 una realt\u00e1.<\/p>\n<p>Secondo, perch\u00e9 in tempi di crisi, non solo economica, ma anche sociale: inmobilismo, perdita di valori strumentali, incomunicazione, soggiogazione generale a causa di retaggi storici, morali. Tutto fa brodo, possedere piuttosto che desiderare, preferenza per l&#8217;ostentazione a scapito di ci\u00f2 che \u00e8 pratico e utile; personale: sostituire la rassegnazione con la libert\u00e0. Un brutto pasato, un presente oscuro de un peggiore futuro, di esseri allienatti&#8230;<br \/>\n\u00c8 una grande soddisfazione poter ringraziare tutte quelle persone che con le proprie conoscenze proffessionali, e virt\u00f9 personali, con quel solito modo di fare conviviale e con l&#8217;impagabile capacit\u00e0 di saper godere di ci\u00f2 che si fa, hanno dato una mano affinch\u00e9 tutti potessimo vivere in questo (che consideriamo un) posto speciale. .<\/p>\n<p>Terzo, perch\u00e8 ci sono sempre piaciute le copertine dei cd in cui i musicisti ringraziano la propria gente, per vedere se c&#8217;eravamo anche noi..<\/p>\n<p>Iniziamo, in ordine di apparizione<\/p>\n<p>Grazie mille:<\/p>\n<ul>\n<li>A Rodrigo Rilo per il suo modo di gestire terreni esclusivi, per averci &#8220;regalato&#8221;un posto fantastico per Kinegua, e per averci messo in contatto col costruttore Antonio Ridruejo. <a href=\"http:\/\/www.freelifefuerteventura.es\">www.freelifefuerteventura.es<\/a><\/li>\n<li>A Antonio Ridruejo per involucrarsi sia a livello proffessionale che personalle, DURANTE e dopo la costruzione della casa (meravigliose le sue foto per il making of)<\/li>\n<li>A tutti i componenti della sua &#8220;cuadrilla&#8221; : l&#8217;inagotabile Henry, Wilson, Lucho, Jorge, Enrique, V\u00edctor e Otto.<\/li>\n<li>Agli Ufficiali: loran e Jose (impermeabilizzazione), Kone e Alberto (idraulica).<\/li>\n<li>Agli pietrai, Lucas, Juanjo, Felo, Sergio, Mon y Juan Domingo.<\/li>\n<li>A Jos\u00e9 Carlos e Yeray per loro finestre.<\/li>\n<li>Geso e pintura: Laurent Negrello.<\/li>\n<li>A Antonio Morales e Jose Antonio por la sua sapienza nel trattamento del legno che tanto colore apporta alla casa. Aprire e chiudere le porte diviene arte. 679418530<\/li>\n<li>A B\u00e1rbara, che dal inizio si \u00e8 contagiata della Nostra illusione, disegnando e creando di modo art\u00edstico e funzionale tutto quello che ora puoi cliccare.<\/li>\n<li>A Cristina, Beatriz y Merxe, Gustavo y Marcos &#8220;Cucho&#8221; per le loro traduzioni.<\/li>\n<li>A Miguel y Laura per fare visibile kinegua &#8220;lavada tras lavada&#8221;\u00a0<a href=\"mailto:tiendaefectosgr@hotmail.com\" target=\"_blank\">tiendaefectosgr@hotmail.com<\/a><\/li>\n<li>A Pakote e loro plantillas di Mac.<\/li>\n<li>Ricardo e Hector per le finestre.<\/li>\n<li>Luis e Olga progettando il Flyer ed essere il primo a voler essere in casa.<\/li>\n<li>A Carlos Gonz\u00e1lez, per cogliere nelle loro fotografie tutta la realt\u00e0 del luogho. <a href=\"http:\/\/www.fotografiatindaya.com\" target=\"_blank\">http:\/\/www.fotografiatindaya.com<\/a> 626385427<\/li>\n<li>A Klaus e la loro gente per i suoi saggi consigli e conoscenze delle piantey su gente por sus sabios consejos y conocimientos de las plantas. SA. MA. Agricola. <a href=\"mailto:sattaklausmb2@yahoo.es\" target=\"_blank\">sattaklausmb2@yahoo.es<\/a> 664178727<\/li>\n<li>A Gerardo perche tutto \u00e8 pi\u00f9 buono nella &#8220;sua&#8221; cucina. 626750128<\/li>\n<li>A Gerard che ha saputo transmettere in immagini la filosofia kineguana. <a href=\"http:\/\/www.milimagen.com\" target=\"_blank\">www.milimagen.com<\/a><\/li>\n<li>A Sergio F y Mario per &#8220;tunear&#8221; Fuerteventura con la &#8220;Kunda&#8221;\u00a0<a href=\"http:\/\/www.premiervehiculos.com\" target=\"_blank\">www.premiervehiculos.com<\/a><\/li>\n<li>A Sergio G. E Julian per avere i b\u00edceps che hanno e che tanto si ringraziano nel trasporto di Merche.<\/li>\n<li>A Artemio, H\u00e9ctor, Paula, Rosana, Raico e gli altri tripulanti della nave del Bar Los Piratas per loro cibo e per essere come sono, autentici!<\/li>\n<li>E come no&#8230; ai familiari e agli Amici che flippano con quello che habbiamo combinato, e che tanto merchandising della casa faranno.<\/li>\n<li>Agli cinque kineguani che qualche fa si hipoteccaronno fino al collo per varcare la frontiera di quello cje marca il sistema attuale, apportando il suo piccolo grano di sabbia (Bianca, come quella de l&#8217;isola) nel intento di far che gli altri si godano il massimo possibile al viaggiare a quest&#8217;isola.<\/li>\n<li>Menzione speciale per Rebeca, madre dalla baptezzata come Kinegua, Per tutto il tempo dedicato al proggeto della casa e la sua esecuzione e che tanto sforzo e sacrificio, e anche satisfazione per il lavoro fatto bene, ha messo nel proggeto.<\/li>\n<\/ul>\n<p align=\"right\">\u00a0\u00a0\u00a0\u00a0\u00a0\u00a0\u00a0<span style=\"color: #ff6600;\">\u00a0 Grazie di scegliere noi!<\/span><br \/>\n<span style=\"color: #ff6600;\"> Helena, Rebeca, Miguel, Iv\u00e1n y Javier<\/span><\/p>\n<p align=\"right\"><img loading=\"lazy\" decoding=\"async\" src=\"https:\/\/www.kinegua.com\/wp-content\/uploads\/2014\/11\/logo_colaboradores.jpg\" alt=\"Gracias a todos, Kinegua\" width=\"311\" height=\"123\" \/><\/p>\n<\/div>\n","protected":false},"excerpt":{"rendered":"<p>Onestamente , questo \u00e9 tra i testi che pi\u00f9 ci piace esporre. Primo, perch\u00e9 la sua pubblicazione significa che kinegua e l&#8217;avventura nata da qualche anno e che sembraba una follia, oramai \u00e8 una realt\u00e1. Secondo, perch\u00e9 in tempi di crisi, non solo economica, ma anche sociale: inmobilismo, perdita di&#8230;<\/p>\n","protected":false},"author":1,"featured_media":0,"parent":0,"menu_order":0,"comment_status":"open","ping_status":"open","template":"","meta":{"_monsterinsights_skip_tracking":false,"_monsterinsights_sitenote_active":false,"_monsterinsights_sitenote_note":"","_monsterinsights_sitenote_category":0,"ngg_post_thumbnail":0,"footnotes":""},"class_list":["post-891","page","type-page","status-publish","hentry"],"_links":{"self":[{"href":"https:\/\/www.kinegua.com\/it\/wp-json\/wp\/v2\/pages\/891","targetHints":{"allow":["GET"]}}],"collection":[{"href":"https:\/\/www.kinegua.com\/it\/wp-json\/wp\/v2\/pages"}],"about":[{"href":"https:\/\/www.kinegua.com\/it\/wp-json\/wp\/v2\/types\/page"}],"author":[{"embeddable":true,"href":"https:\/\/www.kinegua.com\/it\/wp-json\/wp\/v2\/users\/1"}],"replies":[{"embeddable":true,"href":"https:\/\/www.kinegua.com\/it\/wp-json\/wp\/v2\/comments?post=891"}],"version-history":[{"count":2,"href":"https:\/\/www.kinegua.com\/it\/wp-json\/wp\/v2\/pages\/891\/revisions"}],"predecessor-version":[{"id":893,"href":"https:\/\/www.kinegua.com\/it\/wp-json\/wp\/v2\/pages\/891\/revisions\/893"}],"wp:attachment":[{"href":"https:\/\/www.kinegua.com\/it\/wp-json\/wp\/v2\/media?parent=891"}],"curies":[{"name":"wp","href":"https:\/\/api.w.org\/{rel}","templated":true}]}}

<div class="texto">
<p>Onestamente , questo é tra i testi che più ci piace esporre.</p>
<p>Primo, perché la sua pubblicazione significa che kinegua e l&#8217;avventura nata da qualche anno e che sembraba una follia, oramai è una realtá.</p>
<p>Secondo, perché in tempi di crisi, non solo economica, ma anche sociale: inmobilismo, perdita di valori strumentali, incomunicazione, soggiogazione generale a causa di retaggi storici, morali. Tutto fa brodo, possedere piuttosto che desiderare, preferenza per l&#8217;ostentazione a scapito di ciò che è pratico e utile; personale: sostituire la rassegnazione con la libertà. Un brutto pasato, un presente oscuro de un peggiore futuro, di esseri allienatti&#8230;<br />
È una grande soddisfazione poter ringraziare tutte quelle persone che con le proprie conoscenze proffessionali, e virtù personali, con quel solito modo di fare conviviale e con l&#8217;impagabile capacità di saper godere di ciò che si fa, hanno dato una mano affinché tutti potessimo vivere in questo (che consideriamo un) posto speciale. .</p>
<p>Terzo, perchè ci sono sempre piaciute le copertine dei cd in cui i musicisti ringraziano la propria gente, per vedere se c&#8217;eravamo anche noi..</p>
<p>Iniziamo, in ordine di apparizione</p>
<p>Grazie mille:</p>
<ul>
<li>A Rodrigo Rilo per il suo modo di gestire terreni esclusivi, per averci &#8220;regalato&#8221;un posto fantastico per Kinegua, e per averci messo in contatto col costruttore Antonio Ridruejo. <a href="http://www.freelifefuerteventura.es">www.freelifefuerteventura.es</a></li>
<li>A Antonio Ridruejo per involucrarsi sia a livello proffessionale che personalle, DURANTE e dopo la costruzione della casa (meravigliose le sue foto per il making of)</li>
<li>A tutti i componenti della sua &#8220;cuadrilla&#8221; : l&#8217;inagotabile Henry, Wilson, Lucho, Jorge, Enrique, Víctor e Otto.</li>
<li>Agli Ufficiali: loran e Jose (impermeabilizzazione), Kone e Alberto (idraulica).</li>
<li>Agli pietrai, Lucas, Juanjo, Felo, Sergio, Mon y Juan Domingo.</li>
<li>A José Carlos e Yeray per loro finestre.</li>
<li>Geso e pintura: Laurent Negrello.</li>
<li>A Antonio Morales e Jose Antonio por la sua sapienza nel trattamento del legno che tanto colore apporta alla casa. Aprire e chiudere le porte diviene arte. 679418530</li>
<li>A Bárbara, che dal inizio si è contagiata della Nostra illusione, disegnando e creando di modo artístico e funzionale tutto quello che ora puoi cliccare.</li>
<li>A Cristina, Beatriz y Merxe, Gustavo y Marcos &#8220;Cucho&#8221; per le loro traduzioni.</li>
<li>A Miguel y Laura per fare visibile kinegua &#8220;lavada tras lavada&#8221; <a href="mailto:tiendaefectosgr@hotmail.com" target="_blank">tiendaefectosgr@hotmail.com</a></li>
<li>A Pakote e loro plantillas di Mac.</li>
<li>Ricardo e Hector per le finestre.</li>
<li>Luis e Olga progettando il Flyer ed essere il primo a voler essere in casa.</li>
<li>A Carlos González, per cogliere nelle loro fotografie tutta la realtà del luogho. <a href="http://www.fotografiatindaya.com" target="_blank">http://www.fotografiatindaya.com</a> 626385427</li>
<li>A Klaus e la loro gente per i suoi saggi consigli e conoscenze delle piantey su gente por sus sabios consejos y conocimientos de las plantas. SA. MA. Agricola. <a href="mailto:sattaklausmb2@yahoo.es" target="_blank">sattaklausmb2@yahoo.es</a> 664178727</li>
<li>A Gerardo perche tutto è più buono nella &#8220;sua&#8221; cucina. 626750128</li>
<li>A Gerard che ha saputo transmettere in immagini la filosofia kineguana. <a href="http://www.milimagen.com" target="_blank">www.milimagen.com</a></li>
<li>A Sergio F y Mario per &#8220;tunear&#8221; Fuerteventura con la &#8220;Kunda&#8221; <a href="http://www.premiervehiculos.com" target="_blank">www.premiervehiculos.com</a></li>
<li>A Sergio G. E Julian per avere i bíceps che hanno e che tanto si ringraziano nel trasporto di Merche.</li>
<li>A Artemio, Héctor, Paula, Rosana, Raico e gli altri tripulanti della nave del Bar Los Piratas per loro cibo e per essere come sono, autentici!</li>
<li>E come no&#8230; ai familiari e agli Amici che flippano con quello che habbiamo combinato, e che tanto merchandising della casa faranno.</li>
<li>Agli cinque kineguani che qualche fa si hipoteccaronno fino al collo per varcare la frontiera di quello cje marca il sistema attuale, apportando il suo piccolo grano di sabbia (Bianca, come quella de l&#8217;isola) nel intento di far che gli altri si godano il massimo possibile al viaggiare a quest&#8217;isola.</li>
<li>Menzione speciale per Rebeca, madre dalla baptezzata come Kinegua, Per tutto il tempo dedicato al proggeto della casa e la sua esecuzione e che tanto sforzo e sacrificio, e anche satisfazione per il lavoro fatto bene, ha messo nel proggeto.</li>
</ul>
<p align="right">       <span style="color: #ff6600;">  Grazie di scegliere noi!</span><br />
<span style="color: #ff6600;"> Helena, Rebeca, Miguel, Iván y Javier</span></p>
<p align="right"><img loading="lazy" decoding="async" src="https://www.kinegua.com/wp-content/uploads/2014/11/logo_colaboradores.jpg" alt="Gracias a todos, Kinegua" width="311" height="123" /></p>
</div>

<p>Onestamente , questo é tra i testi che più ci piace esporre. Primo, perché la sua pubblicazione significa che kinegua e l&#8217;avventura nata da qualche anno e che sembraba una follia, oramai è una realtá. Secondo, perché in tempi di crisi, non solo economica, ma anche sociale: inmobilismo, perdita di&#8230;</p>
